*z + 165*z. Give q(z).
27
Let t(y) = 2*y**2 + y. Suppose -12*z = -22*z - 10. What is t(z)?
1
Let h(u) = u**3 + 6*u**2 + 4*u. Suppose -2*x - 2*x + 60 = 0. Suppose -4*k = -k + x. Give h(k).
5
Let v be (6 + 0)/(-6) + 1*3. Let z(j) be the second derivative of 0 + j - 1/3*j**3 + 0*j**v. Calculate z(3).
-6
Suppose 8*j + 13 - 53 = 0. Let k(g) = -4*g + 3. Let w(i) = 7*i - 5. Let n(m) = j*k(m) + 3*w(m). Determine n(7).
7
Let r(b) = -2*b**2 - 11*b + 10. Let a(x) = x**2 + 10*x - 10. Let t(p) = 3*a(p) + 2*r(p). Let q be t(7). Let v(h) = 6*h + h**2 - 17*h + 6*h - 3 + 8*h. Give v(q).
-3
Let u(t) = -4*t**3 + 4*t**2 - 2*t - 3. Let n(z) = -2*z**3 - z**2 - 2*z - 1. Let j(x) = -3*n(x) + u(x). What is j(-4)?
-32
Let l(x) = -x + 5. Let y be l(0). Let t = -10 + y. Let s(q) = 2*q - 6. Let f(b) = -b + 1. Let v(k) = 3*f(k) + s(k). Calculate v(t).
2
Let h(w) = -w**3 + 7*w**2 - 9*w - 5. Let u be h(5). Let f(r) = 140*r - 2*r**2 + 9 + 3*r**2 - 139*r - 2*r**2. Determine f(u).
9
Let r(w) be the second derivative of w**5/10 - 3*w**2 + 9*w. Let k(c) be the first derivative of r(c). Determine k(1).
6
Let p(u) = 0*u - 4*u**2 - 3*u + 3*u**2 - 2 + 23*u**3 - 4*u**3 - 28*u**3. What is p(-1)?
9
Let u(v) = 2 + 2*v - 3*v**2 - 2*v**2 + v + 4*v**2. Determine u(6).
-16
Let m = -206 + 201. Let d(g) = g**2 + 6*g + 6. Calculate d(m).
1
Let q(o) = -4*o - 189*o**2 - 236*o**2 + 3 + 429*o**2. Determine q(2).
11
Let r(m) be the first derivative of -2*m**3/3 + 192. What is r(1)?
-2
Let c(a) = -2*a**3 + 4*a**2 - 3*a + 1. Suppose 29 = 4*k + 13. Suppose k*t = 3*g - 22, 0*g - t = 2*g. Determine c(g).
-5
Let r(i) = -7*i**2 + 2*i + 3. Let j(y) = 14*y**2 - 5*y - 7. Let l(v) = 3*j(v) + 7*r(v). Suppose 0 = o - 4*o + 78. Let n = 25 - o. What is l(n)?
-6
Let l be (-4)/(-6) - (-228)/(-18). Let g = l + 10. Let i(v) = v**2 + v - 1. What is i(g)?
1
Let o(s) = s**3 + 14*s**2 - 14*s + 18. Let r be o(-15). Suppose -180*x + 181*x = r. Let u(i) = -2*i - 1. What is u(x)?
-7
Let q(c) = -c. Let k(a) = 13*a - 1. Let f(w) = -14*w + 1. Let d(i) = 2*f(i) + 3*k(i). Let h be -3*(-15)/(-30)*1*-4. Let p(u) = h*q(u) - d(u). Give p(-1).
18
Let b = 355 + -351. Let p(x) = -4*x**2 + x - 6. Let k(f) be the second derivative of f**4/4 - f**3/6 + 5*f**2/2 + f. Let n(h) = b*p(h) + 5*k(h). Calculate n(0).
1
Suppose 0 = -2*x - 6, 5*w - 17 = 2*x + 24. Let i(b) = w + 1 + b - 3. What is i(5)?
10
Let t(z) = -z**3 - 4*z**2 - 3*z + 1. Suppose 2*d = -4*y + 434, 3*d - 328 = -3*y - d. Let h = y + -112. Give t(h).
13
Let s be (0 + -2 + 10)/2. Let v = s + -2. Let m(x) = -1 - 10*x - 5*x**v + 2*x + x - x**3 + 2*x**3. Calculate m(6).
-7
Let u = 0 - 0. Suppose 7 = z + 1. Let i(j) = 7 + 7*j**2 + 7*j - 9*j - z*j**2 + 3*j. What is i(u)?
7
Let n be (-3 + 22/(-3) + 5)*3. Let j(y) = -y**3 - 16*y**2 + y + 17. What is j(n)?
1
Let f(t) = t**2 + t. Let j(p) = p**3 - p**2 + 2*p + 3. Let v be j(-1). Let k(g) = -5*g**2 - 3*g + 7. Let u(i) = v*k(i) - 6*f(i). What is u(-5)?
-17
Let o(f) = -f**2 - 9*f + 3. Let x = -95 - -88. Determine o(x).
17
Suppose -3*p + 4 + 5 = 0. Let n(w) = w - 2. Let y(a) = -a + 1. Let v(d) = 2*n(d) + 3*y(d). Let i(g) = -7*g + 1. Let r(o) = i(o) - 3*v(o). What is r(p)?
-8
Suppose 6*l - 2*i - 34 = 3*l, -3*l + 30 = -3*i. Let s(f) = -f**2 + 13*f + 14. What is s(l)?
0
Suppose -4*j + j + z + 12 = 0, 3*z = 4*j - 16. Let f be (-14)/4 + j/(-8). Let m(c) = -c**2 - 3*c + 4. Give m(f).
0
Suppose 5*z + 2*q + 45 + 15 = 0, 2*q + 46 = -4*z. Let k = z + 19. Let j(h) = k*h**2 - 3*h**2 - 3*h**2 + 3 + 2*h. Give j(5).
-12
Suppose 0 = -x - 4*h + 11, x + 3 - 4 = h. Suppose x*r = r + 4. Suppose 4*p + n - 6 = 0, 2*n - 6 = r*p + 7*n. Let s(g) = 2*g - 3. Give s(p).
1
Let k(c) = -3*c + 1. Let x be ((-39)/(-65))/(6/40). Calculate k(x).
-11
Suppose -2*m = -0*m. Let a = 114 - 112. Let p(j) = -6*j**3 + m*j**3 + 5*j**3 + 7*j**a - 6*j + 0*j**3 - 2. Determine p(5).
18
Let f = -40 - -42. Let o(q) = -q + 2. Let k be o(3). Let s(n) = n + 3. Let v(a) = a + 1. Let h(x) = f*v(x) + k*s(x). Give h(1).
0
Let y be ((-7)/2)/(4/(-40)). Suppose 2*r = -s - y, 0*s - s + 16 = -r. Let k be (r - -15)/(2/7). Let d(u) = -u**2 - 6*u + 1. Give d(k).
-6
Let b(f) be the third derivative of f**4/24 - f**3/3 - 2*f**2. Let w be b(5). Let o(d) = -1 - w*d - 3*d + 0*d. What is o(1)?
-7
Let a(w) = -454*w**2 + 4*w + 453*w**2 + 0*w + 3. Determine a(3).
6
Let q be 11 - ((-4)/(-14) + 15/21). Suppose -q*f = -8*f - 6. Let a(m) = m**3 + m**2 - 2*m - 3. Determine a(f).
27
Let n(m) = -m**2 - 5*m + 5. Let a be 16/12*3 - 8*-1. Suppose -a*i - 111 = -39. Determine n(i).
-1
Let q(a) = a - 5. Let b(w) = -w**3 + w**2 + 2*w - 2. Let z be b(2). Let g(r) = r. Let h(m) = z*q(m) + 4*g(m). Determine h(-8).
-6
Let u = -153 - -118. Let g be (-150)/u - 5*(-6)/(-105). Let p(t) = t**3 - 6*t**2 + 5*t + 2. Determine p(g).
-10
Let h(f) be the third derivative of -f**6/720 - f**5/40 + 3*f**4/4 - 20*f**2. Let t(q) be the second derivative of h(q). Give t(-3).
0
Let g = -24 - -22. Let r = 5 + g. Let x(w) = w**3 - w**2 - 5*w + 2. Give x(r).
5
Let t be 2 + (2 - 7) - -5. Let j be (2/(-4))/(t/(-12)). Let y(d) = -5 - d + j*d + 0. What is y(5)?
5
Suppose 0 = a + 21 - 25. Let g be (-3)/12 - 19/a. Let n(o) = -o**2 - 3*o - 3. Give n(g).
-13
Let r be 1/(1/(-5)) + -2. Let z(n) be the first derivative of -n**2/2 - 6*n + 84. Give z(r).
1
Let z(a) = 23*a + 1. Suppose 0 = 36*y + 58 - 22. What is z(y)?
-22
Suppose 18 = 6*k + 3*k. Let p be 1 - (4*2)/1. Let o be (-6)/k + 1 - p. Let u(n) = -n + 9. What is u(o)?
4
Let q(y) = -y**2 - 5*y. Let s = 27 + -41. Let h be ((-7)/s)/(1/(-12)). Determine q(h).
-6
Let n be ((-2)/8)/((-1)/8). Let f(s) = 36*s + 37*s - 72*s - 2 + s**n. Determine f(0).
-2
Let z(m) = -m**2 + 8*m. Let i be z(6). Let o be (-7)/49 - i/14. Let h be o - ((-1)/(-1) + 3). Let s(w) = -w**3 - 5*w**2 + 2*w + 3. Determine s(h).
-7
Let u be ((-4)/(-3))/(36/54)*2/(-4). Let s(z) = -2*z + 2*z - 5*z. Determine s(u).
5
Suppose -4*f + 0*f = 24. Let l be f*4*(-3)/(-12). Let k(a) = -a**3 - 5*a**2 + 6*a - 8. Give k(l).
-8
Let u(a) = 12*a**3 + 2*a**2 - 2*a + 1. Suppose 0 = -57*p - 38 + 95. Determine u(p).
13
Let i(p) be the first derivative of p**7/840 + 7*p**6/360 + 7*p**5/120 + 5*p**4/24 + 17*p**3 + 24. Let w(a) be the third derivative of i(a). What is w(-6)?
-1
Let y(o) = o - 6. Let c be (1/(-3) - 0)/(2/(-6)). Determine y(c).
-5
Suppose -6*j + 7 = -5. Let x(m) = -2*m + 3*m + 9*m**2 - 9*m**j - m**2. Calculate x(3).
-6
Let p(m) be the third derivative of -m**5/60 + 5*m**4/24 + 7*m**3/2 + 106*m**2 - 1. What is p(7)?
7
Let i(p) = -10*p - 8. Suppose 0 = -y + 5, u - 2*y = -3*y + 17. Let w(s) = -s - 1. Let x(q) = u*w(q) - i(q). Calculate x(-7).
10
Let z(q) be the second derivative of q**5/20 - 3*q**4/4 - 3*q**3/2 - 7*q**2/2 + 95*q - 1. Determine z(10).
3
Let i(a) = a**2 - 10*a - 5. Let k be (13 + -19)*8/(-3). Let x be (40/(-32))/((-2)/k). Give i(x).
-5
Let a(d) = -1. Let m(l) = 2*l - 7. Let t(s) = 6*a(s) - m(s). Let o = 11 + -84. Let p = 68 + o. Calculate t(p).
11
Let n be (-70)/8 + 2 - 9/36. Let o(k) = -3*k - 19. Let i be o(n). Let c(w) = 2*w**3 - 2*w**2 - 2*w + 3. What is c(i)?
7
Let g = -100 - -224. Suppose 5*j - 36 = 2*z, -4*z - 3*j = -0*j + g. Let a be 12/21*z/(-8). Let w(c) = -c**3 + c**2 - 1. Determine w(a).
-5
Let c(m) = 4*m + 5. Let j be c(-2). Let f(o) = -2*o**3 - 4*o**2 + 5*o - 3. Calculate f(j).
0
Let g = -884 + 888. Let n(q) = -q**3 + 5*q**2 - 6*q + 6. Calculate n(g).
-2
Let i(v) = v**2 + 13*v + 11. Let t be i(-13). Let y(f) = -3 - 14*f**2 + 4 + t*f - 12*f. Calculate y(1).
-14
Let b(w) = -w**3 - 9*w**2 - 10*w - 5. Let i = 9 - 5. Suppose 4*j + 3*m = -41, j = 3*m - i + 5. Calculate b(j).
11
Let u(n) = -4*n**2 - 7*n + 4. Let v(t) = t**2 + t - 1. Let b(x) = u(x) + 5*v(x). Give b(-2).
7
Let v(c) = 3*c + 1 - 6*c**3 - 2*c**2 + 1 + 2*c**3. Let t(u) = 3*u + 1603*u**2 - 1606*u**2 - u**3 + 2 - 4*u**3. Let s(q) = 6*t(q) - 7*v(q). Determine s(-2).
4
Let y = 10 - 7. Suppose 76 = -3*a + 5*n, -y*a - 10 = -3*n + 62. Let c = a + 15. Let j(g) = -g**3 - 6*g**2 + 9*g + 9. Give j(c).
-5
Let v(x) = 2*x - 4. Let s(i) = -4*i + 9. Let t(b) = 6*s(b) + 14*v(b). Suppose -5*p + 0 = -35. Suppose 0 = 2*l - p*l - 10. Give t(l).
-10
Let m(k) = -k**3 + 6*k**2 + 2*k - 8. Let q be m(6). Let i(o) = -2*o**2 - 3*o - 5. Give i(q).
-49
Let h(j) be the first derivative of j**2/2 - j + 9. Let q